 m - b, 0*u - 5*u + 1388 = 4*m. List the prime factors of m.
2, 11
Let k(g) = 38*g + 60. Suppose q + w + w = -1, -w - 2 = q. Let s(n) = 19*n + 30. Let l(f) = q*k(f) + 5*s(f). List the prime factors of l(-7).
103
Let v(b) = b**3 - 109*b**2 - 182*b + 432. List the prime factors of v(114).
2, 3, 1861
Suppose 4*c = -p - 12, 0 = -5*p + 3*c + 26 + 6. Let h be (-5)/((4 + -5)/1). Suppose h*n - 4*x = 265, x - 248 = -p*n - 3*x. What are the prime factors of n?
3, 19
Let p = 32689 - 12933. What are the prime factors of p?
2, 11, 449
Let q = 94918 - 59245. List the prime factors of q.
3, 11, 23, 47
Suppose -63*h - 40569 = -312102 - 206133. List the prime factors of h.
2, 17, 223
Suppose 4*d - 6*u - 96 = -10*u, -2*d + 3*u + 43 = 0. Let f = -29 + 31. Suppose -c = -3*c + 5*k + d, -f*c - 3*k = 1. List the prime factors of c.
2
Let g(b) = -b**3 + 8*b**2 + 6. Let r be g(8). Suppose r*v = -2*v + 96. Suppose v*l + 88 = 14*l. What are the prime factors of l?
2, 11
Let a(w) = -6*w + 3*w**2 - 6*w + 55*w**3 + 7*w + 2 + 7*w**3. List the prime factors of a(3).
2, 211
Let d(f) = 444*f**2 - 334*f - 1665. What are the prime factors of d(-5)?
5, 2221
Suppose -5*t - 3 = -13. Suppose 3*l = 4*i - 200, 4*l - 14 = t. What are the prime factors of i?
53
Let d(w) = w**2 + 17*w - 35. Let j be (-84)/(20/5) + 2/1. Let l be d(j). Suppose g - 10 = -l. What are the prime factors of g?
7
Suppose 112167 = 10*o + 32417. What are the prime factors of o?
5, 11, 29
Let r = -1 - -1. Let c(v) = v**2 - 2*v + 5. Let y be c(r). Suppose k - y*d + 34 = 101, -2*k - 5*d + 179 = 0. List the prime factors of k.
2, 41
Suppose 2*g - 1503 - 36331 = -3*q, 3*q = -18. List the prime factors of g.
2, 9463
Suppose 43*i - 48*i = 35. Let s(f) = -f**3 - 7*f**2 + 10*f + 17. Let g be s(i). List the prime factors of (1 - g) + (3 + -4)/1.
53
Suppose -12*m = -11*m - 16*m + 102675. List the prime factors of m.
5, 37
List the prime factors of 724 - (9/(-3))/(24 + -23).
727
Let s(w) = 575*w - 973. What are the prime factors of s(61)?
2, 17, 59
Suppose -3*i - j = -9205, 7402 - 1256 = 2*i + 2*j. What are the prime factors of i?
2, 3, 7, 73
Let o(l) = -29*l**3 + 4*l**2 + 103*l + 306. List the prime factors of o(-3).
2, 3, 17
Let m(p) = p**3 - 43*p**2 - 29*p - 311. What are the prime factors of m(46)?
4703
Let u be 3 - 4*(-2)/(-4). Let z be ((-3)/(-9)*9)/u. Suppose -3*m + 42 = 3*r, m = z*r + 3*m - 39. What are the prime factors of r?
11
Suppose 17229 = 19*x - 20581. Let p = -909 + x. List the prime factors of p.
23, 47
Let t(i) = -i**3 + i**2 + 2*i - 2. Let k be t(4). What are the prime factors of (k/(-9))/((-8)/(-1212))?
7, 101
Suppose -6*u - m + 197959 = 0, -11*u + 8*u + 98957 = 5*m. List the prime factors of u.
2, 3, 13, 47
Suppose 0 = -6*m + 14*m. Let a be (-7 - -4)/(m - -1). What are the prime factors of a + -2 + 3 + 30?
2, 7
Let w = 73 - 34. Let j = w - 43. What are the prime factors of 57 + (8/j - -6)/2?
59
Let b be 45/6*(9 + -7). Let u(o) = -15*o + b - 13 + 6. What are the prime factors of u(-2)?
2, 19
Let p = -34533 + 55707. What are the prime factors of p?
2, 3, 3529
Suppose -5*a = -k + 20, -11 = -4*k + 9. Let r(p) be the second derivative of 5*p**4/12 + 7*p**3/6 + 9*p**2/2 + 41*p. What are the prime factors of r(a)?
3, 11
Let m be 3946/(-4) - 9/(-18). Let o = 1408 + m. List the prime factors of o.
2, 211
Suppose 3*g - 6*d + 4*d = -10, -4*d + 16 = -4*g. Let c(r) = -43*r - 6. Let l(o) = -21*o - 3. Let u(m) = 3*c(m) - 5*l(m). List the prime factors of u(g).
3, 5
Let d = -48 + 54. Suppose 5*c = 14 + d. Suppose 0 = -w - 4*n + 40, 0 = -c*n - 2 - 2. List the prime factors of w.
2, 11
List the prime factors of 24446 + (-9 - -25) + 3 + -9.
2, 3, 1019
Suppose -12 = 4*i + 5*w - 59, -i + w = -5. Suppose -3*u = -i*u. Suppose u = -8*y + 4*y + 72. List the prime factors of y.
2, 3
Let l(z) = 2*z - 3. Let w be l(3). Suppose 19 = -w*t + 1. What are the prime factors of (-3324)/(-18) + t/9?
2, 23
Let p(d) = 91*d - 56. Let n be 4/1*9/12. What are the prime factors of p(n)?
7, 31
Suppose -h = -2*c - 15, -19 = -5*c + 3*h - 54. Let m be 327/5 + (-46)/c + -5. Suppose m = 5*u - 15. List the prime factors of u.
2
Suppose 24*l = -14*l + 2280. Let o(x) = 3*x**3 + 2*x**2 - x. Let u be o(1). Suppose -4*w + 3*w + l = k, k - u*w = 45. What are the prime factors of k?
3, 19
Suppose -184 = -7*a - 2032. Let k = a - -562. What are the prime factors of k?
2, 149
Let n(u) = 592*u - 80. What are the prime factors of n(5)?
2, 3, 5
What are the prime factors of ((-213423)/(-42))/((12/4)/6)?
10163
Suppose 9*r - 6*r + 5*p - 24 = 0, 5*r + 4*p = 27. Suppose 957 = r*q - 3*u, 22*u + 961 = 3*q + 20*u. What are the prime factors of q?
17, 19
Suppose -3*a + 161936 = -t, t = -5*a - 4*t + 269860. List the prime factors of a.
7, 11, 701
Let q(c) = 287*c - 26. Let h be q(3). Let s = -522 + h. What are the prime factors of s?
313
Let z be -4 + 0 - 35/(-5). Suppose 6*m - 4*v = z*m + 355, 4*v = -5*m + 581. Suppose 211 = 4*d - m. What are the prime factors of d?
2, 41
Let m(i) = -672*i + 86. What are the prime factors of m(-3)?
2, 1051
Let w = 13506 + 485. What are the prime factors of w?
17, 823
Suppose -4*p = -t - 2301, 2*p - 1137 = -0*p + 5*t. Let x(v) = -174*v + 4236. Let a be x(26). Let k = p + a. What are the prime factors of k?
2, 3
Let r(y) = -8*y + 64 + 23306*y**3 - 23307*y**3 - 9 + 23*y**2. List the prime factors of r(20).
3, 5, 73
Let z = 7061 - 4328. What are the prime factors of z?
3, 911
Let c = -50 - -59. Suppose -c*b = 2 - 470. What are the prime factors of b?
2, 13
Let t be (4/16*0 - 1) + 11. Suppose -t*j = -6 - 24. Suppose -2*s = -b + 282, j*s = -b + 65 + 227. List the prime factors of b.
2, 11, 13
Let k(t) = -t**3 + 7*t**2 + 9*t + 4. Let m be k(8). Suppose m*c - 10 = -34. List the prime factors of 2 + 39 + c/(-2).
2, 3, 7
Suppose -3*s + 5*y - 30 = -157, -3*s + 107 = -y. Suppose -2*r = -48 + s. Suppose -285 = 2*l - r*l. What are the prime factors of l?
3, 19
Suppose 3*o - 8*o = -5*r + 5, o = -2*r - 10. Let f be (10/(-5) - r)*-2. List the prime factors of ((-17)/1)/(1/f).
2, 17
Let w = 4694 - -2076. List the prime factors of w.
2, 5, 677
Let j(z) = -z**2 - 7*z - 1. Let h be j(-6). Suppose 4*g + 3*v - 329 = 261, 0 = -4*g + h*v + 574. List the prime factors of g.
2, 73
Let v = 37 - 28. Suppose -j - 32 = -v*j. List the prime factors of j/(-22) - 56/(-77)*190.
2, 3, 23
Let n = 24 + 38. Suppose -16 - 4 = 5*u, -55 = m + 5*u. Let v = m + n. List the prime factors of v.
3
Let t(m) = -14 + 100 + 83 - 42*m. List the prime factors of t(-22).
1093
Let g(q) = q**3 + q**2 - 2*q - 3. Let t be g(3). Let o be -4*(0 - t/(-12)). What are the prime factors of (-2)/o + 25360/90?
2, 3, 47
Let k = -17 + 13. Let w(a) = 2*a**2 + 3*a - 10. Let b be w(k). Let z(r) = r**2 - 4*r - 25. What are the prime factors of z(b)?
5, 7
Suppose 3*n = -3*p + 26505 + 47919, -7*n = 3*p - 74416. List the prime factors of p.
2, 3, 5, 827
Suppose -5*z + 107436 = 3*c, 5*z = 5*c - 10*c + 179080. List the prime factors of c.
2, 17911
Let a = -100 - -80. What are the prime factors of (6*a/9)/((-48)/2088)?
2, 5, 29
Let j(t) = 4*t**2 + 3*t - 2. Let h be j(1). Let l = h + -15. What are the prime factors of (-1522)/l + (6/5)/(-6)?
2, 19
Let d(q) = -42*q**3 + 31*q**2 - 15*q - 47. List the prime factors of d(-5).
6053
List the prime factors of (402228/30)/(120/100).
11173
Suppose -30*k + 12 = -33*k. List the prime factors of ((-1)/2)/((-68)/16 - k).
2
Let m = -8670 - -16313. List the prime factors of m.
7643
Suppose 11*r + r = 24336. Let c = r + -1080. What are the prime factors of c?
2, 3, 79
Let i(d) = d**2 - 2*d - 1. Let f(w) = -5*w**2 + 19*w - 50. Let u(a) = -f(a) - 3*i(a). List the prime factors of u(18).
467
Suppose 2*h = 4*j - 3*j - 9, -4*j + h + 8 = 0. Suppose -1113 = 176*z - 446 + 741. List the prime factors of -20*20/z + 2/j.
2, 13
Let k(h) = 7*h**2 + 2*h - 1. Let g be k(2). Let d be ((-196)/35 + 5)*(63/(-7) + 54). Let j = g - d. List the prime factors of j.
2, 29
Suppose -12*c + 26515 = 4*y - 15*c, -5*y + 33145 = -5*c. What are the prime factors of y?
2, 1657
Suppose 136*h - 104367 = 964259 + 14886. List the prime factors of h.
31, 257
Suppose -13*f - 2 = -366. Suppose f*i + 40*i = 50864. What are the prime factors of i?
2, 11, 17
Let x be 2 + -4 + 2 + -12. Let a be x/(-4) + -3 + -34. List the